*3 + 2*x**2 - 3*x + 7. Let a be f(2). Calculate the remainder when 18 is divided by (-3 - -1)/(4/a)*-20.
8
Suppose 0*j = v + 4*j - 12, -4*v = 5*j - 26. Suppose -19 = -d - 5*n, -v*n = -6*n - 6. Calculate the remainder when d is divided by 9.
7
Suppose f = -3*j + 4*j + 40, 0 = -2*f - 3*j + 75. Let a = -133 + 153. What is the remainder when f is divided by a?
19
Let r(a) = a**3 + 14*a**2 + 33*a + 25. Calculate the remainder when r(-8) is divided by 74.
71
Let q be ((-235)/(-15))/(2/6). Suppose q = -4*w + 175. Suppose 4*v = -8, 4*o + 0*o - w = 2*v. What is the remainder when 13 is divided by o?
6
Suppose -2*g - 3*g - p - 625 = 0, -5*p - 500 = 4*g. Let j = g + 228. Calculate the remainder when j is divided by 15.
13
Let x(d) = -8*d**3 - d**2 - 8*d - 7. Calculate the remainder when x(-2) is divided by 25.
19
Suppose -2*a - 24 = -3*g, 0*g = -2*g - 4*a + 16. Calculate the remainder when 10 is divided by g.
2
Suppose -40 = 9*r + 176. Let o = -5 - r. What is the remainder when o is divided by -3*((-20)/6 + 0)?
9
Suppose -99 = -4*v + 29. Suppose -j = 2*u - 23, -2*u + 2*j + 6 + v = 0. What is the remainder when u is divided by 8?
6
Let v(z) = 15*z + 4 + 8*z**2 - 2*z**3 + 3*z**2 + z**3. Suppose 0 = 5*u - 3*y + 6*y - 48, 4*u - y = 52. What is the remainder when v(u) is divided by 14?
12
Let r = -5 + 13. Let c be (32/10)/((-6)/(-15)). Suppose -132 - 52 = -c*a. Calculate the remainder when a is divided by r.
7
Let o = 13 + -8. Suppose -100 = o*k - 10*k. What is the remainder when 38 is divided by k?
18
Let g be 12/(-4 - 0) + 123. Suppose 5*r + n = 3*n + g, -r = -5*n - 47. Calculate the remainder when 64 is divided by r.
20
Suppose -8*l + 6*l + 32 = 0. Calculate the remainder when (-8*(-15)/(-6))/((-12)/66) is divided by l.
14
Let j(z) = z - 10. Suppose 3*t - 3*p - 49 = p, 4*p + 16 = 0. Let r be j(t). What is the remainder when r/(-5) - 513/(-15) is divided by 18?
16
Let m(t) = 2*t**2 - 9*t + 17. Let q(c) = -c - 17. Let r be q(-24). What is the remainder when m(r) is divided by 11?
8
Suppose -c + 11 = 2*d + 3, d - 13 = 4*c. Calculate the remainder when d is divided by -2 - (5 - 2 - 6).
0
Suppose -7*p - 120 = -10*p + 3*g, 3*p + 3*g = 132. What is the remainder when 457 is divided by p?
37
Let u(t) = -2*t**2 - 2*t**2 - 3*t - 3 + 25*t**2. What is the remainder when u(-2) is divided by 22?
21
What is the remainder when 843 is divided by (-19)/(-76) + (-357)/(-28)?
11
Suppose 0*h + 5*h = 0. Suppose h*z - 204 = 4*z. Calculate the remainder when 63 is divided by z*(-1 + (-8)/(-12)).
12
Let j be ((-2)/(-5) - 0)/(19/95). Suppose -j*t = 5*g - 190, 190 = -0*g + 5*g + 5*t. What is the remainder when 113 is divided by g?
37
Suppose -22545 = -137*w + 122*w. Calculate the remainder when w is divided by 35.
33
Let b(h) = -5 + 7 - h**2 + 7*h - h. Let n(z) = z**2 - 5*z - 2. Let f(r) = 5*b(r) + 6*n(r). Calculate the remainder when f(-4) is divided by 6.
2
Calculate the remainder when -3 + -2*(-66)/24*38 is divided by 26.
24
Let k(c) = -10*c - 5. Let g(z) = z + 44. Calculate the remainder when k(-8) is divided by g(-25).
18
Let y(u) = 19*u**2 + 15*u + 174. What is the remainder when y(-8) is divided by 31?
30
Let r(i) = 3*i. Suppose 13*u + 103 - 1260 = 0. Calculate the remainder when u is divided by r(10).
29
Let r be 107 + -2 - (1 - 0). Suppose -19*c + 15*c + r = 0. What is the remainder when c is divided by 2/2 - (2 - 8)?
5
Let q be -32*((-20)/(-8))/(-5). Suppose -2*b = q - 4. What is the remainder when 10 is divided by -2 + 3/(b/(-10))?
1
Let l(j) = 2*j - 9. Let p be l(7). Suppose p*x - 515 - 45 = 0. Suppose 3*z - z = x. What is the remainder when z is divided by 19?
18
Suppose -2*s + 20 = -0*s. Suppose 2 - 17 = -5*f. Suppose 3*n = f*p - 6, 3*n + 2*n = 2*p + 2. Calculate the remainder when s is divided by p.
2
Let x(s) = -21*s - 333. Suppose 3*w + 32 - 167 = 0. What is the remainder when w is divided by x(-17)?
21
What is the remainder when 104 is divided by (129 - 6)/(-1 - -4)?
22
Suppose 0 = -3*a - 15, -6*a - 152 = -4*k - 2*a. What is the remainder when 459 is divided by k?
30
Suppose 13*i + 195 = 8*i. Let p = i + 93. What is the remainder when p is divided by 8?
6
Suppose 7*m = 3*n + 4*m - 267, -451 = -5*n + 3*m. Suppose -3*p = p - n. Let r(v) = v**3 + 9*v**2 - 10*v + 12. What is the remainder when p is divided by r(-10)?
11
Let w be 10 - (1 + (-8 - -4)). Let u(h) = 3*h - 21. What is the remainder when 49 is divided by u(w)?
13
Let k(y) = 13*y**2 - 11*y - 19. Calculate the remainder when k(-6) is divided by 47.
45
Suppose 2*z = 3*f + 255, -21*f + 545 = 4*z - 20*f. Calculate the remainder when z is divided by 46.
43
Suppose l - 1 = 68. Suppose -7*g + 4*g + l = 0. Suppose 2*f = 31 - 7. Calculate the remainder when g is divided by f.
11
Let p = -4 - -10. Suppose 32 = -p*a + 2*a. What is the remainder when 59 is divided by 15/((-4)/a*2)?
14
Let y(r) = 19*r**2. Let i(u) = u**2 + 6*u - 5. Calculate the remainder when y(-1) is divided by i(-8).
8
Let k(u) = 7*u + 8. What is the remainder when k(8) is divided by 18?
10
Calculate the remainder when 15742/187 + 2/(-11) is divided by 30.
24
What is the remainder when -10 + 78 + 5 + 1*4 is divided by 6?
5
Let z be (24/(-6))/(2/(-8)). Suppose -v = 10 - z. What is the remainder when 35 is divided by v?
5
Let r(b) = -3*b - 13. Let t = 48 + 16. Calculate the remainder when t is divided by r(-10).
13
Suppose 0 = 10*f - 5*f + 25. Let x = f - -28. What is the remainder when 67 is divided by x?
21
Suppose -2*n - 8 + 28 = 0. Suppose -4*s = 5 - 37. Let m(w) = w**3 - 8*w**2 + 2*w - 10. What is the remainder when n is divided by m(s)?
4
Suppose 4*f + 4*v - 2752 - 1576 = 0, 3*f - 2*v = 3261. Calculate the remainder when f is divided by 34.
31
Suppose -5*z = -4*r + 4 - 6, 2*r + z - 6 = 0. Suppose c + 6 + 16 = 0. Let b = c + 24. Calculate the remainder when b is divided by r.
0
Suppose 4*f - 156 = -4*r + f, 3*f = 0. Suppose 0 = -r*l + 45*l - 492. Calculate the remainder when l is divided by 14.
12
Let w = -213 + 242. Suppose 47 = 3*p + 2*h, 0 = -p - 0*h + 5*h + 10. What is the remainder when w is divided by p?
14
Suppose 0 = -5*i + r + 18, -3*i - 4*r + 6 = -3*r. Calculate the remainder when 41 is divided by i.
2
Suppose 25*k = 15*k + 140. Calculate the remainder when 54 is divided by k.
12
Let q = 0 - 4. Let a = -201 - -189. Let y = q - a. What is the remainder when 31 is divided by y?
7
What is the remainder when 3*((-178)/6 + -2)/(-1) is divided by 31?
2
Let m be 5 - (2 + 5 - 4). Let c be 12*(1 - 1/m). What is the remainder when ((-4)/c)/(10/(-75)) is divided by 3?
2
Let m = 7 - 13. Let a be (1 + -4)/(1/m). Calculate the remainder when 46 is divided by a*3/((-27)/(-6)).
10
What is the remainder when 64 is divided by ((-18)/8)/((-21)/112)?
4
Suppose -x + 148 = 2*x - 5*v, 4*x - 189 = 5*v. Let r(a) = a**2 - a + 2. What is the remainder when x is divided by r(-4)?
19
Let n = 83 + 8. Let v(y) = -y**2 + 8*y + 11. What is the remainder when n is divided by v(6)?
22
What is the remainder when 368*((-1)/(-2))/(128/576) is divided by 16?
12
Let n be 65 - 1*(0 - 2). Suppose n*h - 54 = 64*h. Let v = -63 - -134. What is the remainder when v is divided by h?
17
Let a(l) = l**3 - 14*l**2 + 3*l + 13. Suppose 4*z + 3*h - 8 = 75, 59 = 3*z - h. What is the remainder when a(14) is divided by z?
15
Suppose -t = 3*p + 14, -3*p + 4*p - 2*t = 0. Let r(j) = -j**2 - 7*j - 5. What is the remainder when 13 is divided by r(p)?
6
Suppose 37*m - 36 = 19*m. Calculate the remainder when 32 is divided by m.
0
Suppose -5*j = -3*i + 26, 2*j = 5*i + j - 14. Suppose i*m - 31 = 19. What is the remainder when 73 is divided by m?
23
Let x = 124 - 116. Suppose 0 = 6*b + x*b - 112. What is the remainder when b is divided by 6?
2
Let i(l) = 28*l**2 - 19*l**2 + 6*l - 3*l**3 + 4 + 4*l**3. Suppose -7*q = -3*q + 24. What is the remainder when i(q) is divided by 26?
24
Let z(v) = 3*v**2 - 4*v - 1. Let f be z(-2). Suppose -10*y - 99 = -f*y. Calculate the remainder when 28 is divided by y.
6
Let g be ((-525)/20)/((-6)/16). Suppose -2 = 4*y - g. What is the remainder when 65 is divided by y?
14
Let m(g) = 0 - 6*g - 2 - g. Suppose -3*a = -7*a + 136. What is the remainder when a is divided by m(-2)?
10
Let d(j) = 9*j - 9. Let o = 37 + -35. What is the remainder when d(o) is divided by 2?
1
Suppos